ctors of x(j).
107
Suppose -342 = -3*x - q, 3*q = 4*x - 0*q - 456. List the prime factors of x.
2, 3, 19
Suppose 6*o = 17*o - 8646. What are the prime factors of o?
2, 3, 131
Let y(g) = g + 1. Let r(n) = 3*n + 2*n - 4*n**2 + 3*n**2 - 6*n. Let w(f) = -r(f) - 5*y(f). List the prime factors of w(7).
2
Let a(p) = -4*p**3 + 3*p**2 - 5*p + 2. Let x be a(2). Let b = 7 - x. List the prime factors of b.
5, 7
Let s = -9 - -11. Let g(x) = -s + x**2 + 4 - 3 + x. List the prime factors of g(4).
19
Let s(h) = 2*h**2 + 2*h - 3. Let y be s(6). Let u = -38 + y. List the prime factors of u.
43
Let n = -6 - -9. Suppose 36*r - 43*r = -728. Suppose -n*d = -5*j + j + r, 3*j + d - 91 = 0. List the prime factors of j.
29
Let v be (2 - -4)*(-1)/(-3). Suppose -5*m = 5*c + 60, 16 = v*m - 4*m - 4*c. Let d = 40 + m. List the prime factors of d.
2, 3
Let b(f) = f**2 - 12*f - 7. Let q be b(13). Let r(k) = k + 1. Let z be r(q). Let u = z - -5. List the prime factors of u.
2, 3
What are the prime factors of (-8)/(-72) - 16396/(-18)?
911
Suppose 2*y - 598 = -4*g, 8*g + 1510 = 5*y + 3*g. What are the prime factors of y?
7, 43
Suppose -5*p - 5030 = -5*x, -4*x + 4040 = -0*x + 4*p. List the prime factors of x.
2, 3, 7
Let m(a) = a**3 - 2*a**2 - a + 2. Let l be m(2). Suppose l*t = -2*t + 144. What are the prime factors of t + -1 + -1 - 2?
2, 17
Let r = 429 + -281. Suppose -2*m + r = 3*q, -8 = -2*q - 4. What are the prime factors of m?
71
Suppose 0 = -4*q + 149 + 43. Let z = -6 + q. Let u = 81 - z. What are the prime factors of u?
3, 13
Suppose -2*w = -o - 0*o - 77, 4*o - w = -315. Let j = o + 122. List the prime factors of j.
43
Let f(y) be the third derivative of -11*y**4/24 - y**3/3 - 3*y**2. List the prime factors of f(-1).
3
Suppose 318 + 2454 = 11*f. List the prime factors of f.
2, 3, 7
Let l(t) = -t**2 - t - 1. Let y(w) = w**2 + w. Let u(i) = -3*l(i) - 2*y(i). Let o be u(0). List the prime factors of 0 + 2 - (-39)/o.
3, 5
Suppose -16 = 11*f - 12*f. Suppose 20*s - f*s = -144. Let b = 15 - s. List the prime factors of b.
3, 17
Suppose -7*v + 1233 = -881. What are the prime factors of v?
2, 151
Let l(i) = -i**2 - 6*i + 9. Let h be l(-7). Let f(o) = -1 + 7 - 4*o**h + 3*o**2 + 13*o. What are the prime factors of f(12)?
2, 3
Let o(f) = 2*f**2 + 4*f + 5. Let n be o(-7). Suppose -4*t + 5*t = n. List the prime factors of t.
3, 5
Suppose 2*j + 31 = -d, 6*j + 27 = -d + 5*j. Let u(m) = -m**3 - 22*m**2 + 19*m + 26. List the prime factors of u(d).
2, 59
Suppose -3 = 2*t - 5, x = -t + 6280. List the prime factors of (-2)/8 - x/(-92).
2, 17
Let l be (-75)/175 - 31/(-7). What are the prime factors of 79 + l + 0 + -8?
3, 5
Let l(i) = -7*i + 1. Let h be l(-2). Let n = -67 - -62. What are the prime factors of n/h - 58/(-3)?
19
Suppose -2*z - 4*p - 10324 = -6*z, 0 = 3*p + 6. List the prime factors of z.
2579
Suppose -6 = -6*d + 3*d + 3*m, -d - 10 = 5*m. Let q(v) = -1 + 12 + 9 - 4 + 25 + 2*v + v**2. List the prime factors of q(d).
41
Suppose 39*b - 41*b = -340. List the prime factors of b.
2, 5, 17
Let x = -22 - -266. List the prime factors of x.
2, 61
Let k(v) = v**3 + 15*v**2 + 25*v + 43. List the prime factors of k(-10).
293
Let y = 11 - 11. Suppose y = -4*m + 18 + 78. Let r = 57 - m. List the prime factors of r.
3, 11
Suppose -24*z + 8731 = -21*z + 5*f, -3*z + 2*f + 8738 = 0. List the prime factors of z.
2, 7, 13
Suppose -r + 4*g + 3937 = 0, -2292 - 9501 = -3*r + 3*g. What are the prime factors of r?
3929
Suppose -5*l + 2 = -3*i, -34 = -6*i + i - l. Let p = i - -70. Let v = p + -42. What are the prime factors of v?
2, 17
Let s(h) = -h**3 - 6*h**2 + 5. Let m be s(-7). Let c = m + -35. Let b = c + -2. List the prime factors of b.
17
Let s(b) = b**3 - 3*b**2 - b + 3. Let q be s(-3). Let y = 190 + -218. Let n = y - q. List the prime factors of n.
2, 5
Let s be (-3)/(-15) - (-16)/20. Suppose z - 5 = s. Suppose -4*y = 5*a - 35, -z*a + y + 35 = -a. What are the prime factors of a?
7
Let f = 1 - 4. Let x be 4 + (f - -8) - 2. Suppose 3*r = x + 26. What are the prime factors of r?
11
Let i(m) = -66*m - 27. Let s be i(-5). Let l = -85 + s. List the prime factors of l.
2, 109
Let m(k) = 3*k + 6. Let v(y) = -y**3 + 7*y**2 - 5*y + 4. Let f be v(6). Suppose 2*d - 2*t - f = 0, 3*t + 2*t = -3*d + 31. List the prime factors of m(d).
3
Let k be -22*(68/(-8) + 4). Suppose 261 = 6*z - k. List the prime factors of z.
2, 3, 5
Let r = -10 + 10. Suppose 192 = 3*s - r*s. Let c = s - 4. What are the prime factors of c?
2, 3, 5
List the prime factors of -28 - -24 - 3*-10.
2, 13
Let h = -132 - -405. Let p = h + -158. What are the prime factors of p?
5, 23
Let u be ((-64)/(-10) - 4)/(2/10). What are the prime factors of (32 + 0)*(57/u - 4)?
2, 3
Suppose 29 = -4*h + 5. Let c be (-88)/(-12) + 2/h. Let f = c - 4. List the prime factors of f.
3
List the prime factors of 8/(-16)*(1 + -3 + -3354).
2, 839
Let c(m) = -m**2 + m + 3. Let t be c(0). Suppose 2*k = 5*k + 4*n - 7, -4*n = -2*k - 2. Suppose t*u + k = 28. What are the prime factors of u?
3
Let j be 129/(0 - -3) - 1. Suppose 0*p = -p + j. Let v = 75 - p. List the prime factors of v.
3, 11
Let p = -79 + 88. Suppose -1088 = n - p*n. What are the prime factors of n?
2, 17
Suppose -3*i - i = -48. Let l(w) = w**3 - 12*w**2 + 2. Let k be l(i). Suppose 48 = k*p + 10. List the prime factors of p.
19
Suppose 5*c = -2*i + 8, -13 - 3 = -4*i + 5*c. Let d(v) = 14*v + 6. What are the prime factors of d(i)?
2, 31
Let h(x) = 3*x + 21. Let t be h(-9). What are the prime factors of 39 + ((-4)/t - (-24)/(-9))?
37
Let g(h) = -315*h - 156. List the prime factors of g(-7).
3, 683
Let w(i) = 110*i + 21. What are the prime factors of w(3)?
3, 13
Let j(b) = -39*b - 111. List the prime factors of j(-9).
2, 3, 5
Suppose 8 - 18 = -m. Suppose -4*k - k = -3*s - m, k = -4*s + 2. Suppose -3 = -3*d, k*d = -3*l + 7*d + 58. List the prime factors of l.
3, 7
Let x = -116 - -234. Let n = x + -31. What are the prime factors of n?
3, 29
Let a be (80/48)/((-1)/(-3)). Let y(c) = c**2 + 7*c - 10. What are the prime factors of y(a)?
2, 5
Let q(y) = -y**3 + 8*y**2 - 3*y + 2. Let x be (-1 - 45/(-6))*2. Suppose 1 = 2*f - x. List the prime factors of q(f).
2, 3, 5
Let v = 5 + 1. Let k be (-4)/8 - (-111)/v. What are the prime factors of (-5*2)/((-9)/k)?
2, 5
Let h(c) = -3*c**3 - 22*c**2 - 67*c + 17. List the prime factors of h(-10).
1487
Suppose 0 = -c + 4*f - 4, 4*f + 0*f = 12. Let n(i) = i - 6. Let u(l) = -5*l - 11. Let s(q) = 4*n(q) - u(q). List the prime factors of s(c).
59
Let y(q) = -q**3 + q**2 - 7. Let f be y(0). Let j(l) = l**3 + 7*l**2 + 9*l. Let w be j(f). List the prime factors of (36/54)/((-1)/w).
2, 3, 7
Let l = -65 + 68. Let f(v) = 2*v**2 - 2*v. Let g be f(5). Suppose -k + l*k = g. What are the prime factors of k?
2, 5
Let c be 23/6 - 1/(-6). Let p(a) = a + 7. What are the prime factors of p(c)?
11
List the prime factors of ((-784)/8)/(-3 + 1).
7
Let b = -34 + 34. Suppose 3*n + 2*n - 245 = b. What are the prime factors of n?
7
Let f(i) = i - 2. Let j be f(5). List the prime factors of (156/(-8) + j)*6/(-1).
3, 11
Suppose -3*n + 4*o + 2621 = 0, 0*n = -3*n - 4*o + 2581. List the prime factors of n.
3, 17
Suppose -2*s + 4038 = -3*w, 5*s + 4*w = 7*w + 10104. List the prime factors of s.
2, 3, 337
Suppose 4*y - 3417 = 3067. What are the prime factors of y?
1621
What are the prime factors of (-244)/2*(-8)/(16/6)?
2, 3, 61
Suppose 5*y + 2*p + 25 - 128 = 0, -5*p - 47 = -2*y. Suppose 4*x = 7*x - y. Let r = 19 - x. List the prime factors of r.
2, 3
Suppose 7*o - 661 = -2117. What are the prime factors of (o/12)/(6/(-63))?
2, 7, 13
What are the prime factors of 30202/8 - (-3 - (-34)/8)?
2, 3, 17, 37
Let m(j) = 12*j**2 + 8*j + 35. What are the prime factors of m(-13)?
3, 653
Suppose -79*g + 57*g + 27478 = 0. What are the prime factors of g?
1249
Let w(g) = -g - 2 - 1 + 5 + g**3 + 8 + 11*g**2. Suppose 3*m + 9 = -24. What are the prime factors of w(m)?
3, 7
Let f = -21 + 18. What are the prime factors of (280/(-15))/8*f*17?
7, 17
Let g be 7/(1 - (-4)/(-3)). Let v = 136 + g. Let s = -76 + v. List the prime factors of s.
3, 13
Suppose 0 = -5*b + 109 - 29. List the prime factors of b*9*5/60.
2, 3
Let p(s) = 529*s**2 - 6*s + 2. What are the prime factors of p(2)?
2, 3, 13
Let u(h) = 3 - 2 + h - 8*h - 12*h. Let d be u(1